(-3). Calculate the highest common divisor of 222 and t.
6
Let a = 1 - -6. Let p be 4*((-8)/12)/(8/(-42)). Calculate the highest common factor of p and a.
7
Let j be (-262)/(-8) + 2/8. Suppose 5*q + 0*q + 50 = 0. Let o be (-4)/q - 78/(-30). What is the highest common factor of j and o?
3
Suppose 15*y - 10*y - 25 = 0. Suppose 27 = -2*h + y*h. Calculate the highest common factor of h and 18.
9
Suppose 0 = 3*j + x - 253, 0 = -3*j + 2*j - 5*x + 89. Let c be 22 + 4 + (-10)/2. Calculate the highest common factor of c and j.
21
Suppose 22 = -f + 173. Suppose -3*z + 5*x = 62 + 69, -5*x = 3*z + f. Let g = -27 - z. What is the highest common factor of g and 50?
10
Suppose -288 = 11*k - 15*k. Let s(z) = -z**2 - 6*z + 8. Let q be s(-6). What is the greatest common factor of k and q?
8
Let z = 4 - -20. Suppose 5*k + 41 = 3*v, -13 = -v + 392*k - 391*k. Calculate the highest common factor of v and z.
12
Suppose -i - 4*f = -5*i, -4*f + 8 = 4*i. Suppose -i = -3*v + 77. What is the highest common factor of v and 286?
26
Suppose 2*k = q - 612, 0 = 23*q - 24*q - 2*k + 604. Calculate the greatest common divisor of q and 32.
32
Suppose -h + 18 = 3*w, 0 = 2*h - 0*h - w - 43. Suppose 0 = -2*k + t + 7, -2*k + 7*k = 2*t + 17. Calculate the greatest common divisor of h and k.
3
Let j(m) = 4*m - 54. Let i be j(17). Let b = -56 - -168. Calculate the greatest common factor of i and b.
14
Let d(o) = -o**3 + 7*o**2 - 6*o + 6. Let r be d(6). Let i = r + 12. Let h = i - 11. What is the highest common divisor of 7 and h?
7
Suppose -5*i - 2*b + 270 = 0, -55*i = -53*i + b - 109. Calculate the greatest common factor of i and 26.
26
Let j(c) = -10*c - 6. Let z be j(-1). Suppose 6*f = 5*f - z*w + 15, -5*f - 4*w + 75 = 0. Calculate the greatest common divisor of f and 15.
15
Let m(z) = -z**3 - z**2. Let b be m(-2). Suppose 0 = r - b*j + 8, 2*r - j + 8 = r. Let g = r + 17. Calculate the highest common factor of g and 3.
3
Suppose 0 = -w + g + 5, -5*w + 0*w - 2*g = -53. Let c be -3 + 93/w + 2/(-6). Calculate the greatest common divisor of 91 and c.
7
Suppose -8*u + 15 = -5*u. Let k be 9/(-3) + 1 - -6. Suppose -k*z - u*s + 21 = 0, -2*z - 2*z - 3*s = -27. Calculate the highest common divisor of 1 and z.
1
Let n = -216 - -234. Calculate the highest common divisor of n and 222.
6
Let s(l) = 2*l**3 - 8*l**2 + 8*l. Let p be s(5). What is the highest common divisor of p and 1350?
90
Suppose 0 = 4*h - 2*h, -3*h + 6 = 3*x. Suppose -46 = -y + 5*w, 3*y + 0*w - 112 = x*w. Calculate the highest common divisor of y and 24.
12
Let r be 6 - (3 - 0 - -1). Let c be (-70)/(-6) + 2*r/12. Calculate the highest common divisor of 132 and c.
12
Suppose 5*r = 4*z - 16, -5*z + 2*r - r + 41 = 0. Let p = z - -6. Let l be 6*20/p + -2. Calculate the greatest common divisor of 6 and l.
6
Let a(t) = -2*t**3 - 13*t**2 - 7*t + 11. Let x be a(-6). Calculate the highest common factor of x and 272.
17
Let j be ((-8)/(-12))/(4/18). Let i = 10 - 6. Suppose -85 = -i*g + j. What is the greatest common factor of g and 55?
11
Let c = 39 + -49. Let f(k) = -k**3 - 10*k**2 - k. Let r be f(c). What is the highest common factor of 40 and r?
10
Let j be (-183 + 36)/(9/(-3)). Let z be (0 - 7)*1*-1. What is the highest common factor of z and j?
7
Suppose -3 = -4*n - 5*l, 3*l - l - 2 = -2*n. Suppose -n = -3*b + b. Let q be (-9)/(-1) + (3 - 1). What is the highest common factor of b and q?
1
Suppose -r = -3*i + 482, -3*i + 0*i + 474 = -3*r. Let j(f) = -4*f - 5. Let b be j(-2). Suppose -6*v + b*v = -54. What is the greatest common divisor of v and i?
18
Suppose 15 - 43 = -3*x - 4*n, 4 = n. Suppose 0 = -3*q + 3*w + 36, -x*w - 66 = -5*q - 2*w. Suppose 350 = j + 4*j. What is the highest common divisor of j and q?
14
Let u = -2 - -5. Let x be 2*-1 + (165 - 9). Suppose 2*s - u*t + 6*t - x = 0, -90 = -s + 5*t. Calculate the highest common factor of s and 32.
16
Suppose -2081 - 5227 = -18*j. Calculate the greatest common factor of 28 and j.
14
Let t be (15 - (6 + -5)*4)/1. What is the greatest common divisor of 737 and t?
11
Let z(u) = u + 41. Let d be z(-19). Calculate the greatest common factor of d and 88.
22
Let q(l) = l**3 - 8*l**2 + 14*l - 5. Let p be q(7). What is the highest common divisor of 330 and p?
22
Let y(g) = -g**3 + 2*g - 14. Let w be y(0). Let v = w + 15. What is the greatest common factor of v and 9?
1
Let b = -583 + 621. What is the highest common factor of 95 and b?
19
Suppose -2*f = t + 49 + 8, 0 = f - 3*t + 25. Let d be (8 - 1)*24/f. Let u(x) = x**2 + 5*x - 2. Let b be u(d). What is the highest common divisor of b and 32?
4
Suppose -5*n = -39 - 61. Let c(h) = h**3 - 7*h**2 + 13*h - 8. Let w = 27 + -19. Let a be c(w). Calculate the highest common factor of n and a.
20
Suppose -5*m = -3*p - 660, 24*m - 155 = 23*m - 4*p. Calculate the greatest common factor of 15 and m.
15
Let q(k) = -k**2 - 6*k - 4. Let i be q(-5). Let m be (3/i)/(2/4). Calculate the greatest common divisor of 42 and m.
6
Let c(y) = 2*y**2 + 4*y - 13. Let o be c(-6). Suppose -2*f - 3*f + o = -2*t, 4*f - 31 = t. Calculate the highest common factor of 81 and f.
9
Suppose -2 = y - 4. Suppose -y = 2*j + 36. Let i be j + 20 - 2*-3. What is the greatest common divisor of 7 and i?
7
Let o be (72/5)/((-32)/(-320)). What is the greatest common factor of 32 and o?
16
Suppose 459*j + 45 = 474*j. Let g(y) = y + 11. Let n(p) = 1. Let d(o) = g(o) - 2*n(o). Let k be d(-6). What is the greatest common divisor of j and k?
3
Let v = 23 - 7. Let u be (2 + (-1)/(-4))*v. Suppose 33 = 4*f - 3*h, -3*h + 0*h = 2*f - 21. What is the greatest common divisor of f and u?
9
Suppose -784*b + 112 = -783*b. Suppose 0 = -0*o - 2*o - 2*x + 26, -o + x = -19. Calculate the greatest common divisor of o and b.
16
Let f(k) = -16*k + 130. Let o(z) = 3*z - 26. Let d(a) = -2*f(a) - 11*o(a). Let l be d(-12). Calculate the highest common factor of 38 and l.
38
Let y = 502 + -338. Calculate the highest common divisor of 123 and y.
41
Suppose 2*o - 3*o - 1 = 0, 4*o + 10 = 3*i. Suppose -10 = -i*j, -5*x + 5*j - 329 + 1319 = 0. Calculate the highest common divisor of x and 29.
29
Suppose z + 66 = 5*s - 145, 129 = 3*s - 3*z. Let w be ((-27)/2)/((-2)/20). Let v = w - 30. What is the highest common factor of s and v?
21
Let g(v) = -v**3 - 6*v**2 - 7*v - 58. Let h be g(-7). Calculate the highest common divisor of 310 and h.
10
Let a(y) = 4*y + 40. Let b be a(-7). What is the greatest common factor of 36 and b?
12
Suppose -10*z - 81 + 511 = 0. Calculate the highest common factor of z and 473.
43
Suppose u + 2*v + 23 = 6*u, 0 = 2*u + 4*v - 14. Suppose 8 = -i + u*i. Let w be 2 - (i + -2 + -22). What is the highest common divisor of w and 8?
8
Let h(x) = x**3 - 15*x**2 + 55*x + 9. Let b be h(6). What is the greatest common factor of b and 9?
3
Suppose -u + r + 0*r = 117, 337 = -3*u - 4*r. Let j = -83 - u. Let w be 4/6*12*4. What is the greatest common factor of w and j?
32
Let h be 76 + (-2 - (-3 + 0)). Calculate the greatest common factor of h and 22.
11
Let g = -3 + 6. Suppose -g*s + 2*s - 3 = 0. Let x be 1 + 4 + s - -21. Calculate the greatest common divisor of x and 230.
23
Suppose -15 = -h + 83. Calculate the greatest common factor of h and 28.
14
Suppose 6*t = t + 25. Suppose -l + 2*b = -6, 0 = -0*l - 2*l - t*b + 57. Calculate the highest common factor of 128 and l.
16
Let g(r) = 2*r**2 - 3*r + 1. Let k(l) = l**3 - 4*l**2 + 5*l - 4. Let x be k(3). Let c be g(x). Calculate the greatest common divisor of c and 3.
3
Let y = 20 + -11. Let r = 21 - y. Suppose -288 = 3*s - 7*s. What is the greatest common factor of r and s?
12
Let d be ((-15)/(-12))/(3/24). Let w be d/4 + (-2)/4. Let t be 1/((-1)/(-15)*3). What is the highest common divisor of w and t?
1
Suppose -4*k + 3748 - 384 = 0. Calculate the highest common divisor of k and 116.
29
Suppose -5*k - 31 = -2*o, k = -2*k - 15. Let x = 0 + o. Let d(l) = -l + 18. Let p be d(-15). Calculate the highest common factor of x and p.
3
Let x(w) = 2*w + 16. Let m be x(-3). Let p(i) = i**3 - 6*i**2 - 5*i + 24. Let v be p(m). Calculate the highest common factor of v and 34.
34
Let x be 3 + (-676)/(-36) + (-2)/(-9). Calculate the greatest common divisor of x and 44.
22
Let f be 6*(-2)/(-9)*-3. Let x be (-24 - f)/(2/(-4)). What is the highest common divisor of x and 10?
1